{"id":7496,"date":"2025-02-25T16:30:46","date_gmt":"2025-02-25T15:30:46","guid":{"rendered":"https:\/\/apaiser.org\/newsite\/?page_id=7496"},"modified":"2026-04-07T10:50:46","modified_gmt":"2026-04-07T08:50:46","slug":"je-donne","status":"publish","type":"page","link":"https:\/\/apaiser.org\/newsite\/je-donne\/","title":{"rendered":"Je donne"},"content":{"rendered":"\t\t<div data-elementor-type=\"wp-page\" data-elementor-id=\"7496\" class=\"elementor elementor-7496\" data-elementor-post-type=\"page\">\n\t\t\t\t<div class=\"elementor-element elementor-element-1c01ada e-flex e-con-boxed e-con e-parent\" data-id=\"1c01ada\" data-element_type=\"container\" data-e-type=\"container\" data-settings=\"{&quot;background_background&quot;:&quot;classic&quot;}\">\n\t\t\t\t\t<div class=\"e-con-inner\">\n\t\t<div class=\"elementor-element elementor-element-43148797 e-con-full e-flex e-con e-child\" data-id=\"43148797\" data-element_type=\"container\" data-e-type=\"container\">\n\t\t\t\t<div class=\"elementor-element elementor-element-665829a5 elementor-widget elementor-widget-heading\" data-id=\"665829a5\" data-element_type=\"widget\" data-e-type=\"widget\" data-widget_type=\"heading.default\">\n\t\t\t\t\t<h2 class=\"elementor-heading-title elementor-size-default\">Soutenir<\/h2>\t\t\t\t<\/div>\n\t\t\t\t<div class=\"elementor-element elementor-element-16225d74 elementor-widget elementor-widget-spacer\" data-id=\"16225d74\" data-element_type=\"widget\" data-e-type=\"widget\" data-widget_type=\"spacer.default\">\n\t\t\t\t\t\t\t<div class=\"elementor-spacer\">\n\t\t\t<div class=\"elementor-spacer-inner\"><\/div>\n\t\t<\/div>\n\t\t\t\t\t\t<\/div>\n\t\t\t\t<\/div>\n\t\t<div class=\"elementor-element elementor-element-3c9ea3a3 e-con-full e-flex e-con e-child\" data-id=\"3c9ea3a3\" data-element_type=\"container\" data-e-type=\"container\">\n\t\t\t\t<div class=\"elementor-element elementor-element-14daec65 elementor-widget elementor-widget-text-editor\" data-id=\"14daec65\" data-element_type=\"widget\" data-e-type=\"widget\" data-widget_type=\"text-editor.default\">\n\t\t\t\t\t\t\t\t\t<p style=\"text-align: right;\"><span style=\"color: #ffffff;\"><a style=\"color: #ffffff;\" href=\"https:\/\/apaiser.org\/newsite\/\">Accueil<\/a> \/ Soutenir \/<a style=\"color: #ffffff;\" href=\"https:\/\/apaiser.org\/newsite\/index.php\/je-donne\/\">Je donne<\/a>\n<\/span><\/p>\t\t\t\t\t\t\t\t<\/div>\n\t\t\t\t<\/div>\n\t\t\t\t\t<\/div>\n\t\t\t\t<\/div>\n\t\t<div class=\"elementor-element elementor-element-5b81dd16 e-flex e-con-boxed e-con e-parent\" data-id=\"5b81dd16\" data-element_type=\"container\" data-e-type=\"container\">\n\t\t\t\t\t<div class=\"e-con-inner\">\n\t\t\t\t<div class=\"elementor-element elementor-element-7b47c833 elementor-widget elementor-widget-image\" data-id=\"7b47c833\" data-element_type=\"widget\" data-e-type=\"widget\" data-widget_type=\"image.default\">\n\t\t\t\t\t\t\t\t\t\t\t\t\t\t\t<img decoding=\"async\" width=\"751\" height=\"37\" src=\"https:\/\/apaiser.org\/newsite\/wp-content\/uploads\/2024\/06\/barre-couleurs.png\" class=\"attachment-large size-large wp-image-4356\" alt=\"\" srcset=\"https:\/\/apaiser.org\/newsite\/wp-content\/uploads\/2024\/06\/barre-couleurs.png 751w, https:\/\/apaiser.org\/newsite\/wp-content\/uploads\/2024\/06\/barre-couleurs-300x15.png 300w\" sizes=\"(max-width: 751px) 100vw, 751px\" \/>\t\t\t\t\t\t\t\t\t\t\t\t\t\t\t<\/div>\n\t\t\t\t\t<\/div>\n\t\t\t\t<\/div>\n\t\t<div class=\"elementor-element elementor-element-5a7a3fd6 e-flex e-con-boxed e-con e-parent\" data-id=\"5a7a3fd6\" data-element_type=\"container\" data-e-type=\"container\">\n\t\t\t\t\t<div class=\"e-con-inner\">\n\t\t\t\t<div class=\"elementor-element elementor-element-36187cf3 elementor-widget elementor-widget-page-title\" data-id=\"36187cf3\" data-element_type=\"widget\" data-e-type=\"widget\" data-widget_type=\"page-title.default\">\n\t\t\t\t<div class=\"elementor-widget-container\">\n\t\t\t\t\t\t\t\n\t\t<div class=\"hfe-page-title hfe-page-title-wrapper elementor-widget-heading\">\n\n\t\t\t\t\t\t\t\t<h1 class=\"elementor-heading-title elementor-size-default\">\n\t\t\t\t\t\t\t\t\n\t\t\t\tJe donne  \n\t\t\t<\/h1 > \n\t\t\t\t\t<\/div>\n\t\t\t\t\t\t<\/div>\n\t\t\t\t<\/div>\n\t\t\t\t\t<\/div>\n\t\t\t\t<\/div>\n\t\t<div class=\"elementor-element elementor-element-1c62400 e-flex e-con-boxed e-con e-parent\" data-id=\"1c62400\" data-element_type=\"container\" data-e-type=\"container\">\n\t\t\t\t\t<div class=\"e-con-inner\">\n\t\t<div class=\"elementor-element elementor-element-cc0ac6c e-con-full e-flex e-con e-child\" data-id=\"cc0ac6c\" data-element_type=\"container\" data-e-type=\"container\">\n\t\t\t\t<div class=\"elementor-element elementor-element-f099571 elementor-widget elementor-widget-text-editor\" data-id=\"f099571\" data-element_type=\"widget\" data-e-type=\"widget\" data-widget_type=\"text-editor.default\">\n\t\t\t\t\t\t\t\t\t<p><strong>Faire un don \u00e0 APAISER S&amp;C, c&rsquo;est soutenir la mise en \u0153uvre de grands projets qui n\u00e9cessitent des financements de plus en plus importants.<\/strong> Exclusivement compos\u00e9e de b\u00e9n\u00e9voles, notre association de b\u00e9n\u00e9ficie d&rsquo;aucune subvention publique et d\u00e9pend principalement des dons des entreprises et des particuliers pour atteindre ses objectifs.<\/p><p>Si vous \u00eates imposable, <strong>vos dons vous permettent de b\u00e9n\u00e9ficier d\u2019une d\u00e9duction fiscale de votre imp\u00f4t de 66% des sommes vers\u00e9es<\/strong>, dans la limite de 20% de votre revenu imposable. Par exemple, un don de 30\u20ac ne vous co\u00fbtera que 10,20\u20ac, un don de 50\u20ac ne vous co\u00fbtera que 17\u20ac\u2026 Pour les entreprises\u00a0 les dons donnent droit \u00e0 une r\u00e9duction d\u2019imp\u00f4t de 60% dans la limite de 5\u2030 du chiffre d\u2019affaires HT.<\/p>\t\t\t\t\t\t\t\t<\/div>\n\t\t\t\t<\/div>\n\t\t<div class=\"elementor-element elementor-element-0963cbb e-con-full e-flex e-con e-child\" data-id=\"0963cbb\" data-element_type=\"container\" data-e-type=\"container\">\n\t\t\t\t<div class=\"elementor-element elementor-element-f0334a9 elementor-widget elementor-widget-image\" data-id=\"f0334a9\" data-element_type=\"widget\" data-e-type=\"widget\" data-widget_type=\"image.default\">\n\t\t\t\t\t\t\t\t\t\t\t\t\t\t\t<img fetchpriority=\"high\" decoding=\"async\" width=\"800\" height=\"533\" src=\"https:\/\/apaiser.org\/newsite\/wp-content\/uploads\/2025\/02\/hands-holding-paper-heart.jpg\" class=\"attachment-large size-large wp-image-7512\" alt=\"\" srcset=\"https:\/\/apaiser.org\/newsite\/wp-content\/uploads\/2025\/02\/hands-holding-paper-heart.jpg 800w, https:\/\/apaiser.org\/newsite\/wp-content\/uploads\/2025\/02\/hands-holding-paper-heart-300x200.jpg 300w, https:\/\/apaiser.org\/newsite\/wp-content\/uploads\/2025\/02\/hands-holding-paper-heart-768x512.jpg 768w\" sizes=\"(max-width: 800px) 100vw, 800px\" \/>\t\t\t\t\t\t\t\t\t\t\t\t\t\t\t<\/div>\n\t\t\t\t<\/div>\n\t\t\t\t\t<\/div>\n\t\t\t\t<\/div>\n\t\t<div class=\"elementor-element elementor-element-aafa9c9 e-flex e-con-boxed e-con e-parent\" data-id=\"aafa9c9\" data-element_type=\"container\" data-e-type=\"container\">\n\t\t\t\t\t<div class=\"e-con-inner\">\n\t\t\t\t<div class=\"elementor-element elementor-element-a4517f6 elementor-widget elementor-widget-heading\" data-id=\"a4517f6\" data-element_type=\"widget\" data-e-type=\"widget\" data-widget_type=\"heading.default\">\n\t\t\t\t\t<h3 class=\"elementor-heading-title elementor-size-default\">Un don pour financer la recherche<\/h3>\t\t\t\t<\/div>\n\t\t\t\t\t<\/div>\n\t\t\t\t<\/div>\n\t\t<div class=\"elementor-element elementor-element-3b70ea4 e-flex e-con-boxed e-con e-parent\" data-id=\"3b70ea4\" data-element_type=\"container\" data-e-type=\"container\">\n\t\t\t\t\t<div class=\"e-con-inner\">\n\t\t\t\t<div class=\"elementor-element elementor-element-7bee468 elementor-widget elementor-widget-text-editor\" data-id=\"7bee468\" data-element_type=\"widget\" data-e-type=\"widget\" data-widget_type=\"text-editor.default\">\n\t\t\t\t\t\t\t\t\t<ul class=\"list-11\"><li>Aide au projet du Centre de R\u00e9f\u00e9rence de cr\u00e9er une cohorte de patients fran\u00e7ais atteints de Syringomy\u00e9lie et de Malformation de Chiari, pour d\u00e9finir l\u2019\u00e9pid\u00e9miologie, l\u2019\u00e9volution de la pathologie, la prise en charge la plus efficace, et orienter la recherche sur les origines g\u00e9n\u00e9tiques<\/li><li>Actions sur la recherche dans la douleurs -partenariat avec Analg\u00e9sia \u2013 Don pour le d\u00e9veloppement de l\u2019application APAISIA<\/li><li>Financement int\u00e9gral du projet ChiariGene<\/li><li>Financement d\u2019une \u00e9chelle de Score Post Chirurgical (BSC-Score)<\/li><li>Etroite collaboration \u00e0 la recherche des b\u00e9n\u00e9fices de l\u2019exosquelette (Recherche de l\u2019IRME et C MAVEM Bic\u00eatre)<\/li><\/ul>\t\t\t\t\t\t\t\t<\/div>\n\t\t\t\t\t<\/div>\n\t\t\t\t<\/div>\n\t\t<div class=\"elementor-element elementor-element-304b5557 e-flex e-con-boxed e-con e-parent\" data-id=\"304b5557\" data-element_type=\"container\" data-e-type=\"container\">\n\t\t\t\t\t<div class=\"e-con-inner\">\n\t\t\t\t<div class=\"elementor-element elementor-element-58030c6e elementor-widget elementor-widget-heading\" data-id=\"58030c6e\" data-element_type=\"widget\" data-e-type=\"widget\" data-widget_type=\"heading.default\">\n\t\t\t\t\t<h3 class=\"elementor-heading-title elementor-size-default\">Un don pour informer<\/h3>\t\t\t\t<\/div>\n\t\t\t\t\t<\/div>\n\t\t\t\t<\/div>\n\t\t<div class=\"elementor-element elementor-element-c2d5deb e-flex e-con-boxed e-con e-parent\" data-id=\"c2d5deb\" data-element_type=\"container\" data-e-type=\"container\">\n\t\t\t\t\t<div class=\"e-con-inner\">\n\t\t\t\t<div class=\"elementor-element elementor-element-9ba3262 elementor-widget elementor-widget-text-editor\" data-id=\"9ba3262\" data-element_type=\"widget\" data-e-type=\"widget\" data-widget_type=\"text-editor.default\">\n\t\t\t\t\t\t\t\t\t<ul class=\"list-11\"><li>L\u2019ensemble du corps m\u00e9dical, pour lutter contre l\u2019errance et am\u00e9liorer la qualit\u00e9 de la prise en charge des patients<\/li><li>Les organismes publics (MDPH, S\u00e9curit\u00e9 Sociale) pour d\u00e9fendre le droit des patients souvent atteints de handicaps invisibles<\/li><li>Le grand public, par des campagnes m\u00e9dias<\/li><li>Les pouvoirs publics, sur des causes telles que l&rsquo;acc\u00e8s au cannabis th\u00e9rapeuthique.<\/li><\/ul><p><br \/>Pour cela, nous entretenons ce site avec des actualit\u00e9s \u00e0 jour, produisons des clips vid\u00e9os p\u00e9dagogiques, organisons\u00a0 un colloque diffus\u00e9 en ligne, imprimons et distribuons des flyers, affiches, plaquettes et autres documents \u00e0 destination des patients, grand public et professionnels de sant\u00e9.<\/p>\t\t\t\t\t\t\t\t<\/div>\n\t\t\t\t\t<\/div>\n\t\t\t\t<\/div>\n\t\t<div class=\"elementor-element elementor-element-c6f319b e-flex e-con-boxed e-con e-parent\" data-id=\"c6f319b\" data-element_type=\"container\" data-e-type=\"container\">\n\t\t\t\t\t<div class=\"e-con-inner\">\n\t\t\t\t<div class=\"elementor-element elementor-element-d33620e elementor-widget elementor-widget-heading\" data-id=\"d33620e\" data-element_type=\"widget\" data-e-type=\"widget\" data-widget_type=\"heading.default\">\n\t\t\t\t\t<h3 class=\"elementor-heading-title elementor-size-default\">Un don pour favoriser les \u00e9changes scientifiques au niveau fran\u00e7ais, europ\u00e9en et international<\/h3>\t\t\t\t<\/div>\n\t\t\t\t\t<\/div>\n\t\t\t\t<\/div>\n\t\t<div class=\"elementor-element elementor-element-422ceea e-flex e-con-boxed e-con e-parent\" data-id=\"422ceea\" data-element_type=\"container\" data-e-type=\"container\">\n\t\t\t\t\t<div class=\"e-con-inner\">\n\t\t\t\t<div class=\"elementor-element elementor-element-c8ca988 elementor-widget elementor-widget-text-editor\" data-id=\"c8ca988\" data-element_type=\"widget\" data-e-type=\"widget\" data-widget_type=\"text-editor.default\">\n\t\t\t\t\t\t\t\t\t<ul><li>Organisation du colloque annuel avec la pr\u00e9sence des professionnels de sant\u00e9 r\u00e9f\u00e9rents dans nos pathologies.<\/li><li>Participation active aux missions du r\u00e9seaux Centre de R\u00e9f\u00e9rence C MAVEM (Chiari \u2013 Malformation Vert\u00e9brales et M\u00e9dullaires Rares) : projets ETP \u2013 relecture PNDS \u2013 soutien projets recherche<\/li><\/ul>\t\t\t\t\t\t\t\t<\/div>\n\t\t\t\t\t<\/div>\n\t\t\t\t<\/div>\n\t\t<div class=\"elementor-element elementor-element-1b9a6985 e-flex e-con-boxed e-con e-parent\" data-id=\"1b9a6985\" data-element_type=\"container\" data-e-type=\"container\">\n\t\t\t\t\t<div class=\"e-con-inner\">\n\t\t\t\t<div class=\"elementor-element elementor-element-19b83518 elementor-widget elementor-widget-heading\" data-id=\"19b83518\" data-element_type=\"widget\" data-e-type=\"widget\" data-widget_type=\"heading.default\">\n\t\t\t\t\t<h3 class=\"elementor-heading-title elementor-size-default\">Comment faire un don \u00e0 APAISER S&amp;C ?<\/h3>\t\t\t\t<\/div>\n\t\t\t\t\t<\/div>\n\t\t\t\t<\/div>\n\t\t<div class=\"elementor-element elementor-element-709bca0d e-flex e-con-boxed e-con e-parent\" data-id=\"709bca0d\" data-element_type=\"container\" data-e-type=\"container\">\n\t\t\t\t\t<div class=\"e-con-inner\">\n\t\t<div class=\"elementor-element elementor-element-144520c8 e-con-full e-flex e-con e-child\" data-id=\"144520c8\" data-element_type=\"container\" data-e-type=\"container\">\n\t\t\t\t<div class=\"elementor-element elementor-element-db61561 elementor-widget elementor-widget-text-editor\" data-id=\"db61561\" data-element_type=\"widget\" data-e-type=\"widget\" data-widget_type=\"text-editor.default\">\n\t\t\t\t\t\t\t\t\t<p><strong><a href=\"http:\/\/apaiser.org\/newsite\/wp-content\/uploads\/2025\/02\/Bulletin-Don.pdf\" target=\"_blank\" rel=\"noopener\"><img decoding=\"async\" class=\"aligncenter wp-image-6111\" src=\"http:\/\/apaiser.org\/newsite\/wp-content\/uploads\/2024\/06\/telecharge-document-1-225x300.png\" alt=\"\" width=\"60\" height=\"80\" srcset=\"https:\/\/apaiser.org\/newsite\/wp-content\/uploads\/2024\/06\/telecharge-document-1-225x300.png 225w, https:\/\/apaiser.org\/newsite\/wp-content\/uploads\/2024\/06\/elementor\/thumbs\/telecharge-document-1-qq8aqh2erx9uzt4bume5pqkzd1lj5sugc2zpjnkhsw.png 60w, https:\/\/apaiser.org\/newsite\/wp-content\/uploads\/2024\/06\/telecharge-document-1.png 417w\" sizes=\"(max-width: 60px) 100vw, 60px\" \/><\/a><br \/>Par courrier :<\/strong> T\u00e9l\u00e9chargez le <a href=\"http:\/\/apaiser.org\/newsite\/wp-content\/uploads\/2026\/04\/Bulletin-Don-.pdf\" target=\"_blank\" rel=\"noopener\">bulletin de don<\/a><\/p>\t\t\t\t\t\t\t\t<\/div>\n\t\t\t\t<\/div>\n\t\t<div class=\"elementor-element elementor-element-3081e806 e-con-full e-flex e-con e-child\" data-id=\"3081e806\" data-element_type=\"container\" data-e-type=\"container\">\n\t\t\t\t<div class=\"elementor-element elementor-element-61dfe7b4 elementor-widget elementor-widget-text-editor\" data-id=\"61dfe7b4\" data-element_type=\"widget\" data-e-type=\"widget\" data-widget_type=\"text-editor.default\">\n\t\t\t\t\t\t\t\t\t<p><strong><a href=\"https:\/\/apaiser-s-c-59c223a70b633.assoconnect.com\/collect\/description\/196258-f-don\" target=\"_blank\" rel=\"noopener\"><img loading=\"lazy\" decoding=\"async\" class=\"alignnone wp-image-7486\" src=\"http:\/\/apaiser.org\/newsite\/wp-content\/uploads\/2025\/02\/internet-1.png\" alt=\"\" width=\"148\" height=\"80\" \/><\/a><\/strong><\/p><p><strong>En ligne :<\/strong> sur le site <a href=\"https:\/\/apaiser-s-c-59c223a70b633.assoconnect.com\/collect\/description\/196258-f-don\" target=\"_blank\" rel=\"noopener\">assoconnect<\/a><\/p>\t\t\t\t\t\t\t\t<\/div>\n\t\t\t\t<\/div>\n\t\t\t\t\t<\/div>\n\t\t\t\t<\/div>\n\t\t\t\t<\/div>\n\t\t","protected":false},"excerpt":{"rendered":"<p>Soutenir Accueil \/ Soutenir \/Je donne Je donne Faire un don \u00e0 APAISER S&amp;C, c&rsquo;est soutenir la mise en \u0153uvre de grands projets qui n\u00e9cessitent des financements de plus en [&hellip;]<\/p>\n","protected":false},"author":1,"featured_media":0,"parent":0,"menu_order":0,"comment_status":"closed","ping_status":"closed","template":"elementor_header_footer","meta":{"inline_featured_image":false,"footnotes":""},"class_list":["post-7496","page","type-page","status-publish","hentry"],"yoast_head":"<!-- This site is optimized with the Yoast SEO plugin v27.4 - https:\/\/yoast.com\/product\/yoast-seo-wordpress\/ -->\n<title>Je donne - Apaiser S&amp;C<\/title>\n<meta name=\"description\" content=\"Faire un don \u00e0 Apaiser S&amp;C, association de patients atteints de malformation de Chiari et\/ou de syringomy\u00e9lie\" \/>\n<meta name=\"robots\" content=\"index, follow, max-snippet:-1, max-image-preview:large, max-video-preview:-1\" \/>\n<link rel=\"canonical\" href=\"https:\/\/apaiser.org\/newsite\/je-donne\/\" \/>\n<meta property=\"og:locale\" content=\"fr_FR\" \/>\n<meta property=\"og:type\" content=\"article\" \/>\n<meta property=\"og:title\" content=\"Je donne - Apaiser S&amp;C\" \/>\n<meta property=\"og:description\" content=\"Faire un don \u00e0 Apaiser S&amp;C, association de patients atteints de malformation de Chiari et\/ou de syringomy\u00e9lie\" \/>\n<meta property=\"og:url\" content=\"https:\/\/apaiser.org\/newsite\/je-donne\/\" \/>\n<meta property=\"og:site_name\" content=\"Apaiser S&amp;C\" \/>\n<meta property=\"article:publisher\" content=\"https:\/\/www.facebook.com\/AssociationApaiser\/\" \/>\n<meta property=\"article:modified_time\" content=\"2026-04-07T08:50:46+00:00\" \/>\n<meta property=\"og:image\" content=\"http:\/\/apaiser.org\/newsite\/wp-content\/uploads\/2024\/06\/barre-couleurs.png\" \/>\n<meta name=\"twitter:card\" content=\"summary_large_image\" \/>\n<meta name=\"twitter:label1\" content=\"Dur\u00e9e de lecture estim\u00e9e\" \/>\n\t<meta name=\"twitter:data1\" content=\"1 minute\" \/>\n<script type=\"application\/ld+json\" class=\"yoast-schema-graph\">{\"@context\":\"https:\\\/\\\/schema.org\",\"@graph\":[{\"@type\":\"WebPage\",\"@id\":\"https:\\\/\\\/apaiser.org\\\/newsite\\\/je-donne\\\/\",\"url\":\"https:\\\/\\\/apaiser.org\\\/newsite\\\/je-donne\\\/\",\"name\":\"Je donne - Apaiser S&amp;C\",\"isPartOf\":{\"@id\":\"https:\\\/\\\/apaiser.org\\\/newsite\\\/#website\"},\"primaryImageOfPage\":{\"@id\":\"https:\\\/\\\/apaiser.org\\\/newsite\\\/je-donne\\\/#primaryimage\"},\"image\":{\"@id\":\"https:\\\/\\\/apaiser.org\\\/newsite\\\/je-donne\\\/#primaryimage\"},\"thumbnailUrl\":\"http:\\\/\\\/apaiser.org\\\/newsite\\\/wp-content\\\/uploads\\\/2024\\\/06\\\/barre-couleurs.png\",\"datePublished\":\"2025-02-25T15:30:46+00:00\",\"dateModified\":\"2026-04-07T08:50:46+00:00\",\"description\":\"Faire un don \u00e0 Apaiser S&C, association de patients atteints de malformation de Chiari et\\\/ou de syringomy\u00e9lie\",\"breadcrumb\":{\"@id\":\"https:\\\/\\\/apaiser.org\\\/newsite\\\/je-donne\\\/#breadcrumb\"},\"inLanguage\":\"fr-FR\",\"potentialAction\":[{\"@type\":\"ReadAction\",\"target\":[\"https:\\\/\\\/apaiser.org\\\/newsite\\\/je-donne\\\/\"]}]},{\"@type\":\"ImageObject\",\"inLanguage\":\"fr-FR\",\"@id\":\"https:\\\/\\\/apaiser.org\\\/newsite\\\/je-donne\\\/#primaryimage\",\"url\":\"http:\\\/\\\/apaiser.org\\\/newsite\\\/wp-content\\\/uploads\\\/2024\\\/06\\\/barre-couleurs.png\",\"contentUrl\":\"http:\\\/\\\/apaiser.org\\\/newsite\\\/wp-content\\\/uploads\\\/2024\\\/06\\\/barre-couleurs.png\"},{\"@type\":\"BreadcrumbList\",\"@id\":\"https:\\\/\\\/apaiser.org\\\/newsite\\\/je-donne\\\/#breadcrumb\",\"itemListElement\":[{\"@type\":\"ListItem\",\"position\":1,\"name\":\"Accueil\",\"item\":\"https:\\\/\\\/apaiser.org\\\/newsite\\\/\"},{\"@type\":\"ListItem\",\"position\":2,\"name\":\"Je donne\"}]},{\"@type\":\"WebSite\",\"@id\":\"https:\\\/\\\/apaiser.org\\\/newsite\\\/#website\",\"url\":\"https:\\\/\\\/apaiser.org\\\/newsite\\\/\",\"name\":\"Apaiser S&C\",\"description\":\"Associaton pour Aider, Informer, Soutenir les Etudes et la Recherche pour la syingomy\u00e9lie et le Chiari\",\"publisher\":{\"@id\":\"https:\\\/\\\/apaiser.org\\\/newsite\\\/#organization\"},\"alternateName\":\"Association pour aide, informer, soutenir les \u00e9tudes et la recherche pou la syringomy\u00e9lie et le chiari\",\"potentialAction\":[{\"@type\":\"SearchAction\",\"target\":{\"@type\":\"EntryPoint\",\"urlTemplate\":\"https:\\\/\\\/apaiser.org\\\/newsite\\\/?s={search_term_string}\"},\"query-input\":{\"@type\":\"PropertyValueSpecification\",\"valueRequired\":true,\"valueName\":\"search_term_string\"}}],\"inLanguage\":\"fr-FR\"},{\"@type\":\"Organization\",\"@id\":\"https:\\\/\\\/apaiser.org\\\/newsite\\\/#organization\",\"name\":\"Apaiser S&C\",\"alternateName\":\"Association pour aider, informer, soutenir les \u00e9tudes et la recherche pour la syingomy\u00e9lie et le Chiari\",\"url\":\"https:\\\/\\\/apaiser.org\\\/newsite\\\/\",\"logo\":{\"@type\":\"ImageObject\",\"inLanguage\":\"fr-FR\",\"@id\":\"https:\\\/\\\/apaiser.org\\\/newsite\\\/#\\\/schema\\\/logo\\\/image\\\/\",\"url\":\"https:\\\/\\\/apaiser.org\\\/newsite\\\/wp-content\\\/uploads\\\/2024\\\/06\\\/logo.png\",\"contentUrl\":\"https:\\\/\\\/apaiser.org\\\/newsite\\\/wp-content\\\/uploads\\\/2024\\\/06\\\/logo.png\",\"width\":173,\"height\":136,\"caption\":\"Apaiser S&C\"},\"image\":{\"@id\":\"https:\\\/\\\/apaiser.org\\\/newsite\\\/#\\\/schema\\\/logo\\\/image\\\/\"},\"sameAs\":[\"https:\\\/\\\/www.facebook.com\\\/AssociationApaiser\\\/\",\"https:\\\/\\\/www.instagram.com\\\/apaisersc\\\/\",\"https:\\\/\\\/www.youtube.com\\\/@apaiser7806\"]}]}<\/script>\n<!-- \/ Yoast SEO plugin. -->","yoast_head_json":{"title":"Je donne - Apaiser S&amp;C","description":"Faire un don \u00e0 Apaiser S&C, association de patients atteints de malformation de Chiari et\/ou de syringomy\u00e9lie","robots":{"index":"index","follow":"follow","max-snippet":"max-snippet:-1","max-image-preview":"max-image-preview:large","max-video-preview":"max-video-preview:-1"},"canonical":"https:\/\/apaiser.org\/newsite\/je-donne\/","og_locale":"fr_FR","og_type":"article","og_title":"Je donne - Apaiser S&amp;C","og_description":"Faire un don \u00e0 Apaiser S&C, association de patients atteints de malformation de Chiari et\/ou de syringomy\u00e9lie","og_url":"https:\/\/apaiser.org\/newsite\/je-donne\/","og_site_name":"Apaiser S&amp;C","article_publisher":"https:\/\/www.facebook.com\/AssociationApaiser\/","article_modified_time":"2026-04-07T08:50:46+00:00","og_image":[{"url":"http:\/\/apaiser.org\/newsite\/wp-content\/uploads\/2024\/06\/barre-couleurs.png","type":"","width":"","height":""}],"twitter_card":"summary_large_image","twitter_misc":{"Dur\u00e9e de lecture estim\u00e9e":"1 minute"},"schema":{"@context":"https:\/\/schema.org","@graph":[{"@type":"WebPage","@id":"https:\/\/apaiser.org\/newsite\/je-donne\/","url":"https:\/\/apaiser.org\/newsite\/je-donne\/","name":"Je donne - Apaiser S&amp;C","isPartOf":{"@id":"https:\/\/apaiser.org\/newsite\/#website"},"primaryImageOfPage":{"@id":"https:\/\/apaiser.org\/newsite\/je-donne\/#primaryimage"},"image":{"@id":"https:\/\/apaiser.org\/newsite\/je-donne\/#primaryimage"},"thumbnailUrl":"http:\/\/apaiser.org\/newsite\/wp-content\/uploads\/2024\/06\/barre-couleurs.png","datePublished":"2025-02-25T15:30:46+00:00","dateModified":"2026-04-07T08:50:46+00:00","description":"Faire un don \u00e0 Apaiser S&C, association de patients atteints de malformation de Chiari et\/ou de syringomy\u00e9lie","breadcrumb":{"@id":"https:\/\/apaiser.org\/newsite\/je-donne\/#breadcrumb"},"inLanguage":"fr-FR","potentialAction":[{"@type":"ReadAction","target":["https:\/\/apaiser.org\/newsite\/je-donne\/"]}]},{"@type":"ImageObject","inLanguage":"fr-FR","@id":"https:\/\/apaiser.org\/newsite\/je-donne\/#primaryimage","url":"http:\/\/apaiser.org\/newsite\/wp-content\/uploads\/2024\/06\/barre-couleurs.png","contentUrl":"http:\/\/apaiser.org\/newsite\/wp-content\/uploads\/2024\/06\/barre-couleurs.png"},{"@type":"BreadcrumbList","@id":"https:\/\/apaiser.org\/newsite\/je-donne\/#breadcrumb","itemListElement":[{"@type":"ListItem","position":1,"name":"Accueil","item":"https:\/\/apaiser.org\/newsite\/"},{"@type":"ListItem","position":2,"name":"Je donne"}]},{"@type":"WebSite","@id":"https:\/\/apaiser.org\/newsite\/#website","url":"https:\/\/apaiser.org\/newsite\/","name":"Apaiser S&C","description":"Associaton pour Aider, Informer, Soutenir les Etudes et la Recherche pour la syingomy\u00e9lie et le Chiari","publisher":{"@id":"https:\/\/apaiser.org\/newsite\/#organization"},"alternateName":"Association pour aide, informer, soutenir les \u00e9tudes et la recherche pou la syringomy\u00e9lie et le chiari","potentialAction":[{"@type":"SearchAction","target":{"@type":"EntryPoint","urlTemplate":"https:\/\/apaiser.org\/newsite\/?s={search_term_string}"},"query-input":{"@type":"PropertyValueSpecification","valueRequired":true,"valueName":"search_term_string"}}],"inLanguage":"fr-FR"},{"@type":"Organization","@id":"https:\/\/apaiser.org\/newsite\/#organization","name":"Apaiser S&C","alternateName":"Association pour aider, informer, soutenir les \u00e9tudes et la recherche pour la syingomy\u00e9lie et le Chiari","url":"https:\/\/apaiser.org\/newsite\/","logo":{"@type":"ImageObject","inLanguage":"fr-FR","@id":"https:\/\/apaiser.org\/newsite\/#\/schema\/logo\/image\/","url":"https:\/\/apaiser.org\/newsite\/wp-content\/uploads\/2024\/06\/logo.png","contentUrl":"https:\/\/apaiser.org\/newsite\/wp-content\/uploads\/2024\/06\/logo.png","width":173,"height":136,"caption":"Apaiser S&C"},"image":{"@id":"https:\/\/apaiser.org\/newsite\/#\/schema\/logo\/image\/"},"sameAs":["https:\/\/www.facebook.com\/AssociationApaiser\/","https:\/\/www.instagram.com\/apaisersc\/","https:\/\/www.youtube.com\/@apaiser7806"]}]}},"rttpg_featured_image_url":null,"rttpg_author":{"display_name":"fpiriou","author_link":"https:\/\/apaiser.org\/newsite\/author\/fpiriou\/"},"rttpg_comment":0,"rttpg_category":null,"rttpg_excerpt":"Soutenir Accueil \/ Soutenir \/Je donne Je donne Faire un don \u00e0 APAISER S&amp;C, c&rsquo;est soutenir la mise en \u0153uvre de grands projets qui n\u00e9cessitent des financements de plus en [&hellip;]","_links":{"self":[{"href":"https:\/\/apaiser.org\/newsite\/wp-json\/wp\/v2\/pages\/7496","targetHints":{"allow":["GET"]}}],"collection":[{"href":"https:\/\/apaiser.org\/newsite\/wp-json\/wp\/v2\/pages"}],"about":[{"href":"https:\/\/apaiser.org\/newsite\/wp-json\/wp\/v2\/types\/page"}],"author":[{"embeddable":true,"href":"https:\/\/apaiser.org\/newsite\/wp-json\/wp\/v2\/users\/1"}],"replies":[{"embeddable":true,"href":"https:\/\/apaiser.org\/newsite\/wp-json\/wp\/v2\/comments?post=7496"}],"version-history":[{"count":28,"href":"https:\/\/apaiser.org\/newsite\/wp-json\/wp\/v2\/pages\/7496\/revisions"}],"predecessor-version":[{"id":8853,"href":"https:\/\/apaiser.org\/newsite\/wp-json\/wp\/v2\/pages\/7496\/revisions\/8853"}],"wp:attachment":[{"href":"https:\/\/apaiser.org\/newsite\/wp-json\/wp\/v2\/media?parent=7496"}],"curies":[{"name":"wp","href":"https:\/\/api.w.org\/{rel}","templated":true}]}}