{"id":8421,"date":"2025-04-28T13:28:24","date_gmt":"2025-04-28T11:28:24","guid":{"rendered":"https:\/\/apaiser.org\/newsite\/?page_id=8421"},"modified":"2026-02-03T17:32:11","modified_gmt":"2026-02-03T16:32:11","slug":"le-guide-syringomyelie-chiari","status":"publish","type":"page","link":"https:\/\/apaiser.org\/newsite\/le-guide-syringomyelie-chiari\/","title":{"rendered":"Le guide syringomy\u00e9lie &amp; Chiari"},"content":{"rendered":"\t\t<div data-elementor-type=\"wp-page\" data-elementor-id=\"8421\" class=\"elementor elementor-8421\" data-elementor-post-type=\"page\">\n\t\t\t\t<div class=\"elementor-element elementor-element-46ef90ab e-flex e-con-boxed e-con e-parent\" data-id=\"46ef90ab\" data-element_type=\"container\" data-e-type=\"container\" data-settings=\"{&quot;background_background&quot;:&quot;classic&quot;}\">\n\t\t\t\t\t<div class=\"e-con-inner\">\n\t\t<div class=\"elementor-element elementor-element-697cdad2 e-con-full e-flex e-con e-child\" data-id=\"697cdad2\" data-element_type=\"container\" data-e-type=\"container\">\n\t\t\t\t<div class=\"elementor-element elementor-element-201890d0 elementor-widget elementor-widget-heading\" data-id=\"201890d0\" data-element_type=\"widget\" data-e-type=\"widget\" data-widget_type=\"heading.default\">\n\t\t\t\t\t<h2 class=\"elementor-heading-title elementor-size-default\">M\u00e9diath\u00e8que<\/h2>\t\t\t\t<\/div>\n\t\t\t\t<div class=\"elementor-element elementor-element-79822d14 elementor-widget elementor-widget-spacer\" data-id=\"79822d14\" data-element_type=\"widget\" data-e-type=\"widget\" data-widget_type=\"spacer.default\">\n\t\t\t\t\t\t\t<div class=\"elementor-spacer\">\n\t\t\t<div class=\"elementor-spacer-inner\"><\/div>\n\t\t<\/div>\n\t\t\t\t\t\t<\/div>\n\t\t\t\t<\/div>\n\t\t<div class=\"elementor-element elementor-element-d6efc0b e-con-full e-flex e-con e-child\" data-id=\"d6efc0b\" data-element_type=\"container\" data-e-type=\"container\">\n\t\t\t\t<div class=\"elementor-element elementor-element-76d374a3 elementor-widget elementor-widget-text-editor\" data-id=\"76d374a3\" data-element_type=\"widget\" data-e-type=\"widget\" data-widget_type=\"text-editor.default\">\n\t\t\t\t\t\t\t\t\t<p style=\"text-align: right;\"><span style=\"color: #ffffff;\"><a style=\"color: #ffffff;\" href=\"https:\/\/apaiser.org\/newsite\/\">Accueil<\/a> \/M\u00e9diath\u00e8que \/<a style=\"color: #ffffff;\" href=\"https:\/\/apaiser.org\/newsite\/index.php\/nos-benevoles\/\">Documents associatifs<\/a><br \/><\/span><\/p>\t\t\t\t\t\t\t\t<\/div>\n\t\t\t\t<\/div>\n\t\t\t\t\t<\/div>\n\t\t\t\t<\/div>\n\t\t<div class=\"elementor-element elementor-element-445880aa e-flex e-con-boxed e-con e-parent\" data-id=\"445880aa\" data-element_type=\"container\" data-e-type=\"container\">\n\t\t\t\t\t<div class=\"e-con-inner\">\n\t\t\t\t<div class=\"elementor-element elementor-element-2e1e0c65 elementor-widget elementor-widget-image\" data-id=\"2e1e0c65\" data-element_type=\"widget\" data-e-type=\"widget\" data-widget_type=\"image.default\">\n\t\t\t\t\t\t\t\t\t\t\t\t\t\t\t<img decoding=\"async\" width=\"751\" height=\"37\" src=\"https:\/\/apaiser.org\/newsite\/wp-content\/uploads\/2024\/06\/barre-couleurs.png\" class=\"attachment-large size-large wp-image-4356\" alt=\"\" srcset=\"https:\/\/apaiser.org\/newsite\/wp-content\/uploads\/2024\/06\/barre-couleurs.png 751w, https:\/\/apaiser.org\/newsite\/wp-content\/uploads\/2024\/06\/barre-couleurs-300x15.png 300w\" sizes=\"(max-width: 751px) 100vw, 751px\" \/>\t\t\t\t\t\t\t\t\t\t\t\t\t\t\t<\/div>\n\t\t\t\t\t<\/div>\n\t\t\t\t<\/div>\n\t\t<div class=\"elementor-element elementor-element-7a1de544 e-flex e-con-boxed e-con e-parent\" data-id=\"7a1de544\" data-element_type=\"container\" data-e-type=\"container\">\n\t\t\t\t\t<div class=\"e-con-inner\">\n\t\t\t\t<div class=\"elementor-element elementor-element-35a6a0b1 elementor-widget elementor-widget-page-title\" data-id=\"35a6a0b1\" data-element_type=\"widget\" data-e-type=\"widget\" data-widget_type=\"page-title.default\">\n\t\t\t\t<div class=\"elementor-widget-container\">\n\t\t\t\t\t\t\t\n\t\t<div class=\"hfe-page-title hfe-page-title-wrapper elementor-widget-heading\">\n\n\t\t\t\t\t\t\t\t<h1 class=\"elementor-heading-title elementor-size-default\">\n\t\t\t\t\t\t\t\t\n\t\t\t\tLe guide syringomy\u00e9lie &amp; Chiari  \n\t\t\t<\/h1 > \n\t\t\t\t\t<\/div>\n\t\t\t\t\t\t<\/div>\n\t\t\t\t<\/div>\n\t\t\t\t\t<\/div>\n\t\t\t\t<\/div>\n\t\t<div class=\"elementor-element elementor-element-448dd2f e-flex e-con-boxed e-con e-parent\" data-id=\"448dd2f\" data-element_type=\"container\" data-e-type=\"container\">\n\t\t\t\t\t<div class=\"e-con-inner\">\n\t\t\t\t<div class=\"elementor-element elementor-element-48edf70 elementor-widget elementor-widget-shortcode\" data-id=\"48edf70\" data-element_type=\"widget\" data-e-type=\"widget\" data-widget_type=\"shortcode.default\">\n\t\t\t\t\t\t\t<div class=\"elementor-shortcode\"><div class=\"_df_book df-lite\" id=\"df_8416\"  _slug=\"le-guide-syringomyelie-chiari\" data-title=\"le-guide-syringomyelie-chiari\" wpoptions=\"true\" thumb=\"http:\/\/apaiser.org\/newsite\/wp-content\/uploads\/2025\/04\/monguide.jpg\" thumbtype=\"\" ><\/div><script class=\"df-shortcode-script\" nowprocket type=\"application\/javascript\">window.option_df_8416 = {\"outline\":[],\"backgroundColor\":\"#ffffff\",\"autoEnableOutline\":\"false\",\"autoEnableThumbnail\":\"false\",\"overwritePDFOutline\":\"false\",\"direction\":\"1\",\"pageSize\":\"0\",\"source\":\"http:\\\/\\\/apaiser.org\\\/newsite\\\/wp-content\\\/uploads\\\/2025\\\/04\\\/guide-2.pdf\",\"wpOptions\":\"true\"}; if(window.DFLIP && window.DFLIP.parseBooks){window.DFLIP.parseBooks();}<\/script><\/div>\n\t\t\t\t\t\t<\/div>\n\t\t\t\t\t<\/div>\n\t\t\t\t<\/div>\n\t\t\t\t<\/div>\n\t\t","protected":false},"excerpt":{"rendered":"<p>M\u00e9diath\u00e8que Accueil \/M\u00e9diath\u00e8que \/Documents associatifs Le guide syringomy\u00e9lie &amp; Chiari<\/p>\n","protected":false},"author":1,"featured_media":0,"parent":0,"menu_order":0,"comment_status":"closed","ping_status":"closed","template":"elementor_header_footer","meta":{"inline_featured_image":false,"footnotes":""},"class_list":["post-8421","page","type-page","status-publish","hentry"],"yoast_head":"<!-- This site is optimized with the Yoast SEO plugin v27.4 - https:\/\/yoast.com\/product\/yoast-seo-wordpress\/ -->\n<title>Le guide syringomy\u00e9lie &amp; Chiari - Apaiser S&amp;C<\/title>\n<meta name=\"robots\" content=\"index, follow, max-snippet:-1, max-image-preview:large, max-video-preview:-1\" \/>\n<link rel=\"canonical\" href=\"https:\/\/apaiser.org\/newsite\/le-guide-syringomyelie-chiari\/\" \/>\n<meta property=\"og:locale\" content=\"fr_FR\" \/>\n<meta property=\"og:type\" content=\"article\" \/>\n<meta property=\"og:title\" content=\"Le guide syringomy\u00e9lie &amp; Chiari - Apaiser S&amp;C\" \/>\n<meta property=\"og:description\" content=\"M\u00e9diath\u00e8que Accueil \/M\u00e9diath\u00e8que \/Documents associatifs Le guide syringomy\u00e9lie &amp; Chiari\" \/>\n<meta property=\"og:url\" content=\"https:\/\/apaiser.org\/newsite\/le-guide-syringomyelie-chiari\/\" \/>\n<meta property=\"og:site_name\" content=\"Apaiser S&amp;C\" \/>\n<meta property=\"article:publisher\" content=\"https:\/\/www.facebook.com\/AssociationApaiser\/\" \/>\n<meta property=\"article:modified_time\" content=\"2026-02-03T16:32:11+00:00\" \/>\n<meta property=\"og:image\" content=\"http:\/\/apaiser.org\/newsite\/wp-content\/uploads\/2024\/06\/barre-couleurs.png\" \/>\n<meta name=\"twitter:card\" content=\"summary_large_image\" \/>\n<meta name=\"twitter:label1\" content=\"Dur\u00e9e de lecture estim\u00e9e\" \/>\n\t<meta name=\"twitter:data1\" content=\"1 minute\" \/>\n<script type=\"application\/ld+json\" class=\"yoast-schema-graph\">{\"@context\":\"https:\\\/\\\/schema.org\",\"@graph\":[{\"@type\":\"WebPage\",\"@id\":\"https:\\\/\\\/apaiser.org\\\/newsite\\\/le-guide-syringomyelie-chiari\\\/\",\"url\":\"https:\\\/\\\/apaiser.org\\\/newsite\\\/le-guide-syringomyelie-chiari\\\/\",\"name\":\"Le guide syringomy\u00e9lie &amp; Chiari - Apaiser S&amp;C\",\"isPartOf\":{\"@id\":\"https:\\\/\\\/apaiser.org\\\/newsite\\\/#website\"},\"primaryImageOfPage\":{\"@id\":\"https:\\\/\\\/apaiser.org\\\/newsite\\\/le-guide-syringomyelie-chiari\\\/#primaryimage\"},\"image\":{\"@id\":\"https:\\\/\\\/apaiser.org\\\/newsite\\\/le-guide-syringomyelie-chiari\\\/#primaryimage\"},\"thumbnailUrl\":\"http:\\\/\\\/apaiser.org\\\/newsite\\\/wp-content\\\/uploads\\\/2024\\\/06\\\/barre-couleurs.png\",\"datePublished\":\"2025-04-28T11:28:24+00:00\",\"dateModified\":\"2026-02-03T16:32:11+00:00\",\"breadcrumb\":{\"@id\":\"https:\\\/\\\/apaiser.org\\\/newsite\\\/le-guide-syringomyelie-chiari\\\/#breadcrumb\"},\"inLanguage\":\"fr-FR\",\"potentialAction\":[{\"@type\":\"ReadAction\",\"target\":[\"https:\\\/\\\/apaiser.org\\\/newsite\\\/le-guide-syringomyelie-chiari\\\/\"]}]},{\"@type\":\"ImageObject\",\"inLanguage\":\"fr-FR\",\"@id\":\"https:\\\/\\\/apaiser.org\\\/newsite\\\/le-guide-syringomyelie-chiari\\\/#primaryimage\",\"url\":\"http:\\\/\\\/apaiser.org\\\/newsite\\\/wp-content\\\/uploads\\\/2024\\\/06\\\/barre-couleurs.png\",\"contentUrl\":\"http:\\\/\\\/apaiser.org\\\/newsite\\\/wp-content\\\/uploads\\\/2024\\\/06\\\/barre-couleurs.png\"},{\"@type\":\"BreadcrumbList\",\"@id\":\"https:\\\/\\\/apaiser.org\\\/newsite\\\/le-guide-syringomyelie-chiari\\\/#breadcrumb\",\"itemListElement\":[{\"@type\":\"ListItem\",\"position\":1,\"name\":\"Accueil\",\"item\":\"https:\\\/\\\/apaiser.org\\\/newsite\\\/\"},{\"@type\":\"ListItem\",\"position\":2,\"name\":\"Le guide syringomy\u00e9lie &amp; Chiari\"}]},{\"@type\":\"WebSite\",\"@id\":\"https:\\\/\\\/apaiser.org\\\/newsite\\\/#website\",\"url\":\"https:\\\/\\\/apaiser.org\\\/newsite\\\/\",\"name\":\"Apaiser S&C\",\"description\":\"Associaton pour Aider, Informer, Soutenir les Etudes et la Recherche pour la syingomy\u00e9lie et le Chiari\",\"publisher\":{\"@id\":\"https:\\\/\\\/apaiser.org\\\/newsite\\\/#organization\"},\"alternateName\":\"Association pour aide, informer, soutenir les \u00e9tudes et la recherche pou la syringomy\u00e9lie et le chiari\",\"potentialAction\":[{\"@type\":\"SearchAction\",\"target\":{\"@type\":\"EntryPoint\",\"urlTemplate\":\"https:\\\/\\\/apaiser.org\\\/newsite\\\/?s={search_term_string}\"},\"query-input\":{\"@type\":\"PropertyValueSpecification\",\"valueRequired\":true,\"valueName\":\"search_term_string\"}}],\"inLanguage\":\"fr-FR\"},{\"@type\":\"Organization\",\"@id\":\"https:\\\/\\\/apaiser.org\\\/newsite\\\/#organization\",\"name\":\"Apaiser S&C\",\"alternateName\":\"Association pour aider, informer, soutenir les \u00e9tudes et la recherche pour la syingomy\u00e9lie et le Chiari\",\"url\":\"https:\\\/\\\/apaiser.org\\\/newsite\\\/\",\"logo\":{\"@type\":\"ImageObject\",\"inLanguage\":\"fr-FR\",\"@id\":\"https:\\\/\\\/apaiser.org\\\/newsite\\\/#\\\/schema\\\/logo\\\/image\\\/\",\"url\":\"https:\\\/\\\/apaiser.org\\\/newsite\\\/wp-content\\\/uploads\\\/2024\\\/06\\\/logo.png\",\"contentUrl\":\"https:\\\/\\\/apaiser.org\\\/newsite\\\/wp-content\\\/uploads\\\/2024\\\/06\\\/logo.png\",\"width\":173,\"height\":136,\"caption\":\"Apaiser S&C\"},\"image\":{\"@id\":\"https:\\\/\\\/apaiser.org\\\/newsite\\\/#\\\/schema\\\/logo\\\/image\\\/\"},\"sameAs\":[\"https:\\\/\\\/www.facebook.com\\\/AssociationApaiser\\\/\",\"https:\\\/\\\/www.instagram.com\\\/apaisersc\\\/\",\"https:\\\/\\\/www.youtube.com\\\/@apaiser7806\"]}]}<\/script>\n<!-- \/ Yoast SEO plugin. -->","yoast_head_json":{"title":"Le guide syringomy\u00e9lie &amp; Chiari - Apaiser S&amp;C","robots":{"index":"index","follow":"follow","max-snippet":"max-snippet:-1","max-image-preview":"max-image-preview:large","max-video-preview":"max-video-preview:-1"},"canonical":"https:\/\/apaiser.org\/newsite\/le-guide-syringomyelie-chiari\/","og_locale":"fr_FR","og_type":"article","og_title":"Le guide syringomy\u00e9lie &amp; Chiari - Apaiser S&amp;C","og_description":"M\u00e9diath\u00e8que Accueil \/M\u00e9diath\u00e8que \/Documents associatifs Le guide syringomy\u00e9lie &amp; Chiari","og_url":"https:\/\/apaiser.org\/newsite\/le-guide-syringomyelie-chiari\/","og_site_name":"Apaiser S&amp;C","article_publisher":"https:\/\/www.facebook.com\/AssociationApaiser\/","article_modified_time":"2026-02-03T16:32:11+00:00","og_image":[{"url":"http:\/\/apaiser.org\/newsite\/wp-content\/uploads\/2024\/06\/barre-couleurs.png","type":"","width":"","height":""}],"twitter_card":"summary_large_image","twitter_misc":{"Dur\u00e9e de lecture estim\u00e9e":"1 minute"},"schema":{"@context":"https:\/\/schema.org","@graph":[{"@type":"WebPage","@id":"https:\/\/apaiser.org\/newsite\/le-guide-syringomyelie-chiari\/","url":"https:\/\/apaiser.org\/newsite\/le-guide-syringomyelie-chiari\/","name":"Le guide syringomy\u00e9lie &amp; Chiari - Apaiser S&amp;C","isPartOf":{"@id":"https:\/\/apaiser.org\/newsite\/#website"},"primaryImageOfPage":{"@id":"https:\/\/apaiser.org\/newsite\/le-guide-syringomyelie-chiari\/#primaryimage"},"image":{"@id":"https:\/\/apaiser.org\/newsite\/le-guide-syringomyelie-chiari\/#primaryimage"},"thumbnailUrl":"http:\/\/apaiser.org\/newsite\/wp-content\/uploads\/2024\/06\/barre-couleurs.png","datePublished":"2025-04-28T11:28:24+00:00","dateModified":"2026-02-03T16:32:11+00:00","breadcrumb":{"@id":"https:\/\/apaiser.org\/newsite\/le-guide-syringomyelie-chiari\/#breadcrumb"},"inLanguage":"fr-FR","potentialAction":[{"@type":"ReadAction","target":["https:\/\/apaiser.org\/newsite\/le-guide-syringomyelie-chiari\/"]}]},{"@type":"ImageObject","inLanguage":"fr-FR","@id":"https:\/\/apaiser.org\/newsite\/le-guide-syringomyelie-chiari\/#primaryimage","url":"http:\/\/apaiser.org\/newsite\/wp-content\/uploads\/2024\/06\/barre-couleurs.png","contentUrl":"http:\/\/apaiser.org\/newsite\/wp-content\/uploads\/2024\/06\/barre-couleurs.png"},{"@type":"BreadcrumbList","@id":"https:\/\/apaiser.org\/newsite\/le-guide-syringomyelie-chiari\/#breadcrumb","itemListElement":[{"@type":"ListItem","position":1,"name":"Accueil","item":"https:\/\/apaiser.org\/newsite\/"},{"@type":"ListItem","position":2,"name":"Le guide syringomy\u00e9lie &amp; Chiari"}]},{"@type":"WebSite","@id":"https:\/\/apaiser.org\/newsite\/#website","url":"https:\/\/apaiser.org\/newsite\/","name":"Apaiser S&C","description":"Associaton pour Aider, Informer, Soutenir les Etudes et la Recherche pour la syingomy\u00e9lie et le Chiari","publisher":{"@id":"https:\/\/apaiser.org\/newsite\/#organization"},"alternateName":"Association pour aide, informer, soutenir les \u00e9tudes et la recherche pou la syringomy\u00e9lie et le chiari","potentialAction":[{"@type":"SearchAction","target":{"@type":"EntryPoint","urlTemplate":"https:\/\/apaiser.org\/newsite\/?s={search_term_string}"},"query-input":{"@type":"PropertyValueSpecification","valueRequired":true,"valueName":"search_term_string"}}],"inLanguage":"fr-FR"},{"@type":"Organization","@id":"https:\/\/apaiser.org\/newsite\/#organization","name":"Apaiser S&C","alternateName":"Association pour aider, informer, soutenir les \u00e9tudes et la recherche pour la syingomy\u00e9lie et le Chiari","url":"https:\/\/apaiser.org\/newsite\/","logo":{"@type":"ImageObject","inLanguage":"fr-FR","@id":"https:\/\/apaiser.org\/newsite\/#\/schema\/logo\/image\/","url":"https:\/\/apaiser.org\/newsite\/wp-content\/uploads\/2024\/06\/logo.png","contentUrl":"https:\/\/apaiser.org\/newsite\/wp-content\/uploads\/2024\/06\/logo.png","width":173,"height":136,"caption":"Apaiser S&C"},"image":{"@id":"https:\/\/apaiser.org\/newsite\/#\/schema\/logo\/image\/"},"sameAs":["https:\/\/www.facebook.com\/AssociationApaiser\/","https:\/\/www.instagram.com\/apaisersc\/","https:\/\/www.youtube.com\/@apaiser7806"]}]}},"rttpg_featured_image_url":null,"rttpg_author":{"display_name":"fpiriou","author_link":"https:\/\/apaiser.org\/newsite\/author\/fpiriou\/"},"rttpg_comment":0,"rttpg_category":null,"rttpg_excerpt":"M\u00e9diath\u00e8que Accueil \/M\u00e9diath\u00e8que \/Documents associatifs Le guide syringomy\u00e9lie &amp; Chiari","_links":{"self":[{"href":"https:\/\/apaiser.org\/newsite\/wp-json\/wp\/v2\/pages\/8421","targetHints":{"allow":["GET"]}}],"collection":[{"href":"https:\/\/apaiser.org\/newsite\/wp-json\/wp\/v2\/pages"}],"about":[{"href":"https:\/\/apaiser.org\/newsite\/wp-json\/wp\/v2\/types\/page"}],"author":[{"embeddable":true,"href":"https:\/\/apaiser.org\/newsite\/wp-json\/wp\/v2\/users\/1"}],"replies":[{"embeddable":true,"href":"https:\/\/apaiser.org\/newsite\/wp-json\/wp\/v2\/comments?post=8421"}],"version-history":[{"count":7,"href":"https:\/\/apaiser.org\/newsite\/wp-json\/wp\/v2\/pages\/8421\/revisions"}],"predecessor-version":[{"id":8730,"href":"https:\/\/apaiser.org\/newsite\/wp-json\/wp\/v2\/pages\/8421\/revisions\/8730"}],"wp:attachment":[{"href":"https:\/\/apaiser.org\/newsite\/wp-json\/wp\/v2\/media?parent=8421"}],"curies":[{"name":"wp","href":"https:\/\/api.w.org\/{rel}","templated":true}]}}